3, 7
What are the prime factors of 14537?
14537
List the prime factors of 3667.
19, 193
What are the prime factors of 59697?
3, 11, 67
What are the prime factors of 8971?
8971
List the prime factors of 50098.
2, 37, 677
What are the prime factors of 42521?
101, 421
What are the prime factors of 678?
2, 3, 113
What are the prime factors of 145307?
145307
What are the prime factors of 327?
3, 109
List the prime factors of 4186.
2, 7, 13, 23
List the prime factors of 8836.
2, 47
List the prime factors of 30.
2, 3, 5
What are the prime factors of 36969?
3, 12323
List the prime factors of 90782.
2, 19, 2389
What are the prime factors of 2766?
2, 3, 461
What are the prime factors of 100672?
2, 11, 13
What are the prime factors of 113520?
2, 3, 5, 11, 43
What are the prime factors of 5745?
3, 5, 383
What are the prime factors of 22087?
13, 1699
List the prime factors of 116552.
2, 17, 857
What are the prime factors of 7457?
7457
What are the prime factors of 1017?
3, 113
What are the prime factors of 14082?
2, 3, 2347
What are the prime factors of 5477?
5477
What are the prime factors of 18186?
2, 3, 7, 433
List the prime factors of 358.
2, 179
List the prime factors of 799.
17, 47
List the prime factors of 1337.
7, 191
List the prime factors of 31549.
7, 4507
List the prime factors of 618.
2, 3, 103
What are the prime factors of 77076?
2, 3, 2141
What are the prime factors of 1002?
2, 3, 167
What are the prime factors of 5397?
3, 7, 257
List the prime factors of 56227.
59, 953
List the prime factors of 1117.
1117
List the prime factors of 15603.
3, 7, 743
What are the prime factors of 7155?
3, 5, 53
List the prime factors of 4354.
2, 7, 311
What are the prime factors of 13903?
13903
List the prime factors of 49907.
11, 13, 349
List the prime factors of 252.
2, 3, 7
What are the prime factors of 69704?
2, 8713
What are the prime factors of 3688?
2, 461
List the prime factors of 1337.
7, 191
List the prime factors of 43513.
53, 821
List the prime factors of 102226.
2, 79, 647
What are the prime factors of 104692?
2, 7, 3739
List the prime factors of 17143.
7, 31, 79
What are the prime factors of 755?
5, 151
List the prime factors of 660.
2, 3, 5, 11
What are the prime factors of 53070?
2, 3, 5, 29, 61
List the prime factors of 67454.
2, 29, 1163
List the prime factors of 8938.
2, 41, 109
List the prime factors of 6235.
5, 29, 43
What are the prime factors of 12?
2, 3
What are the prime factors of 27073?
27073
What are the prime factors of 15908?
2, 41, 97
List the prime factors of 11665.
5, 2333
List the prime factors of 3068.
2, 13, 59
List the prime factors of 51278.
2, 25639
List the prime factors of 5091.
3, 1697
What are the prime factors of 3627?
3, 13, 31
What are the prime factors of 2590?
2, 5, 7, 37
List the prime factors of 103211.
29, 3559
What are the prime factors of 10316?
2, 2579
List the prime factors of 13712.
2, 857
What are the prime factors of 2847?
3, 13, 73
What are the prime factors of 132761?
132761
List the prime factors of 1356.
2, 3, 113
List the prime factors of 1974.
2, 3, 7, 47
List the prime factors of 63.
3, 7
What are the prime factors of 3187?
3187
What are the prime factors of 43313?
43313
List the prime factors of 3966.
2, 3, 661
What are the prime factors of 6353?
6353
What are the prime factors of 24769?
17, 31, 47
List the prime factors of 269.
269
List the prime factors of 4240.
2, 5, 53
List the prime factors of 603.
3, 67
List the prime factors of 12281.
12281
What are the prime factors of 2462?
2, 1231
What are the prime factors of 1175?
5, 47
List the prime factors of 964.
2, 241
What are the prime factors of 6763?
6763
List the prime factors of 3207.
3, 1069
What are the prime factors of 125372?
2, 13, 2411
List the prime factors of 3682.
2, 7, 263
What are the prime factors of 42338?
2, 21169
List the prime factors of 2200.
2, 5, 11
List the prime factors of 1560.
2, 3, 5, 13
List the prime factors of 12680.
2, 5, 317
List the prime factors of 1296.
2, 3
What are the prime factors of 18793?
18793
What are the prime factors of 3017?
7, 431
List the prime factors of 3216.
2, 3, 67
List the prime factors of 3368.
2, 421
What are the prime factors of 2610?
2, 3, 5, 29
List the prime factors of 15515.
5, 29, 107
What are the prime factors of 4326?
2, 3, 7, 103
What are the prime factors of 13840?
2, 5, 173
What are the prime factors of 41768?
2, 23, 227
What are the prime factors of 88?
2, 11
List the prime factors of 35272.
2, 4409
What are the prime factors of 485?
5, 97
List the prime factors of 3505.
5, 701
List the prime factors of 3164.
2, 7, 113
What are the prime factors of 4992?
2, 3, 13
What are the prime factors of 306?
2, 3, 17
What are the prime factors of 158869?
79, 2011
List the prime factors of 752.
2, 47
List the prime factors of 3062.
2, 1531
List the prime factors of 20445.
3, 5, 29, 47
List the prime factors of 390.
2, 3, 5, 13
What are the prime factors of 7115?
5, 1423
What are the prime factors of 137200?
2, 5, 7
List the prime factors of 877.
877
What are the prime factors of 2305?
5, 461
What are the prime factors of 11436?
2, 3, 953
What are the prime factors of 12817?
7, 1831
What are the prime factors of 8801?
13, 677
What are the prime factors of 1403?
23, 61
What are the prime factors of 564?
2, 3, 47
List the prime factors of 12130.
2, 5, 1213
What are the prime factors of 14007?
3, 7, 23, 29
List the prime factors of 682.
2, 11, 31
What are the prime factors of 34?
2, 17
List the prime factors of 4588.
2, 31, 37
What are the prime factors of 127786?
2, 181, 353
What are the prime factors of 66838?
2, 23, 1453
List the prime factors of 131.
131
List the prime factors of 52891.
227, 233
List the prime factors of 5575.
5, 223
List the prime factors of 696.
2, 3, 29
List the prime factors of 37958.
2, 18979
List the prime factors of 164814.
2, 3, 13, 2113
What are the prime factors of 30680?
2, 5, 13, 59
What are the prime factors of 1371?
3, 457
List the prime factors of 3344.
2, 11, 19
List the prime factors of 15496.
2, 13, 149
What are the prime factors of 760?
2, 5, 19
List the prime factors of 3649.
41, 89
List the prime factors of 3216.
2, 3, 67
What are the prime factors of 106964?
2, 11, 13, 17
What are the prime factors of 2508?
2, 3, 11, 19
List the prime factors of 7821.
3, 11, 79
List the prime factors of 22717.
22717
List the prime factors of 47649.
3, 7, 2269
What are the prime factors of 108473?
67, 1619
What are the prime factors of 28365?
3, 5, 31, 61
What are the prime factors of 957?
3, 11, 29
What are the prime factors of 4918?
2, 2459
List the prime factors of 1858.
2, 929
What are the prime factors of 39441?
3, 13147
List the prime factors of 966.
2, 3, 7, 23
List the prime factors of 5471.
5471
List the prime factors of 3165.
3, 5, 211
What are the prime factors of 8923?
8923
What are the prime factors of 2746?
2, 1373
What are the prime factors of 7151?
7151
List the prime factors of 22202.
2, 17, 653
What are the prime factors of 39207?
3, 7, 1867
List the prime factors of 50673.
3, 7, 19, 127
What are the prime factors of 4018?
2, 7, 41
List the prime factors of 62451.
3, 257
List the prime factors of 1717.
17, 101
What are the prime factors of 11483?
11483
List the prime factors of 12681.
3, 1409
List the prime factors of 746.
2, 373
What are the prime factors of 5919?
3, 1973
List the prime factors of 2979.
3, 331
List the prime factors of 566.
2, 283
List the prime factors of 6073.
6073
What are the prime factors of 2241?
3, 83
What are the prime factors of 878?
2, 439
List the prime factors of 6432.
2, 3, 67
What are the prime factors of 57307?
17, 3371
List the prime factors of 41214.
2, 3, 6869
What are the prime factors of 2456?
2, 307
What are the prime factors of 1094?
2, 547
List the prime factors of 77066.
2, 11, 31, 113
What are the prime factors of 62307?
3, 7, 23, 43
List the prime factors of 6672.
2, 3, 139
What are the prime factors of 112883?
157, 719
What are the prime factors of 78236?
2, 19559
List the prime factors of 186.
2, 3, 31
What are the prime factors of 53932?
2, 97, 139
What are the prime factors of 2724?
2, 3, 227
What are the prime factors of 2007?
3, 223
List the prime factors of 1248.
2, 3, 13
What are the prime fact